2*x**2. Suppose 2*k + h = -11, -4*h + 0*h = -4*k + 8. What is the units digit of i(k)?
8
Let h be ((-2)/(-4))/((-9)/(-18)). Suppose 4*p = 7 + h. What is the units digit of p?
2
Let l(y) = -2*y**2 + 30*y - 7. What is the units digit of l(13)?
5
Suppose 10 + 44 = 2*m. Let s = m - 18. What is the units digit of s?
9
Suppose 901 + 191 = 6*i. What is the units digit of i?
2
Let f(z) = 2*z**3 - 5*z**2 - z + 5. What is the units digit of f(4)?
9
Let l(m) = -5*m - 6. What is the units digit of l(-7)?
9
Let f(b) = 29*b**3 - 2*b**2 + 1. Let l be f(1). Suppose 2*y - 6*y = -l. What is the units digit of y?
7
Let n(b) = 6*b**2 - b - 1. Let k be n(-3). Let s = -34 + k. What is the units digit of s?
2
Let n(s) = -s**3 + 8*s**2 - 6*s - 4. Let m be n(7). Suppose 3*c + 135 = m*g, g + 2*c = 6 + 27. What is the tens digit of g?
4
What is the units digit of (-1 + 0 - (-4)/(-8))*-18?
7
Let j(v) = -v**2 - 19*v - 1. What is the tens digit of j(-13)?
7
Let n(p) = 2*p**3 - 5*p**2 - 12*p - 2. What is the tens digit of n(5)?
6
Suppose m - 294 = -5*w, -1108 = -6*m + 2*m - 3*w. What is the tens digit of m?
7
Let x(c) = 422*c**2 + c + 1. What is the hundreds digit of x(1)?
4
Let t(w) = -46*w + 1. Let n be t(-1). Suppose 0 = 5*h - n - 23. Suppose -5*d - m = m - 7, -2*d - 5*m - h = 0. What is the units digit of d?
3
Let c be 2/(-1)*15/(-6). Suppose -h + 11 = -c*p, h + p + 7 = -3*p. What is the units digit of h?
1
Let g(y) be the second derivative of y**4/6 - y**3/6 + y**2/2 + y. Let j(v) = 2*v + 26. Let r be j(-12). What is the units digit of g(r)?
7
Suppose 10*o = 5*o + 10. Suppose -o*m + 0*m + 15 = -5*k, -4*k - 12 = 0. Suppose 5*j - 4*z = 41, 2*z + 28 = 4*j - m*z. What is the units digit of j?
5
Suppose 0 = -4*a + 5*s + 446, 0*a + 224 = 2*a - 2*s. Suppose -a = -b - 2*b. What is the tens digit of b?
3
Let a(p) be the third derivative of p**4/2 - p**3/6 - p**2. Let g be a(1). Let s = g + -6. What is the units digit of s?
5
Let l be (-25)/(-6) - 2/12. Suppose 0 = -l*c + 102 - 38. What is the units digit of c?
6
Let t(w) = w + 32. What is the units digit of t(-12)?
0
Suppose 0 = -4*q - 91 + 667. What is the units digit of q?
4
Let s(m) = -m**3 - 2*m**2 - 4*m - 3. Suppose -3*z = 3 + 3. Let f be s(z). Suppose -5*l = f*d - 15, 0*l - 4*l + 2*d = 0. What is the units digit of l?
1
Let y = 7 - 3. Suppose k = -y*k + 45. Suppose -k = -3*n, -3*g + 4*n = 1 + 2. What is the units digit of g?
3
Let v(k) = 21*k - 2. What is the tens digit of v(1)?
1
Suppose -3 - 13 = -4*m, -5 = -d + 4*m. What is the tens digit of d?
2
Let h = -36 - -42. What is the units digit of h?
6
Suppose 3*q = 3*j + 15, -3*q + 0 = j - 7. Let x be -2*((-17)/2 - j). Suppose 5*f - 50 = -3*r, -f + 2*f - 4*r = -x. What is the units digit of f?
7
Suppose 0 = -2*y + 3*y - 10. Suppose -t + y = 4*t. What is the units digit of 2 - 3*(t + -3)?
5
Let y = -2 + 5. Suppose -v + y = 2*v. What is the units digit of v?
1
What is the units digit of (-7)/((8/(-4))/2)?
7
What is the units digit of 41 + (1 - (-2 - -4))?
0
Let z(l) = -l**2 - 7*l + 10. Let q be z(-8). Suppose -r - q = 1. What is the units digit of (-1 - r/6)*-10?
5
Let d(r) = -r**3 + 4*r**2 + 4*r - 5. Let s be d(5). What is the units digit of (2/(-4))/(5/s)?
1
Suppose 5 = -2*x - x - 4*w, 3*x - 13 = 5*w. Let t = -12 - x. Let y = t + 23. What is the units digit of y?
0
Suppose -4*y + 0*y + 356 = 0. What is the tens digit of y?
8
Let j(o) = o**3 - 8*o**2 + 6*o - 20. What is the units digit of j(8)?
8
Let q be (-16)/12 - (-2)/6. What is the tens digit of (-50)/(-4) - q/(-2)?
1
Let p(l) be the third derivative of l**4/12 + 11*l**3/6 + 2*l**2. What is the units digit of p(-5)?
1
Let a(z) = -z**3 + 7*z**2 + 9*z - 6. Let h be a(8). Let i = -34 - -54. Suppose -3*p = h*p - i. What is the units digit of p?
4
Let f = -39 - -56. What is the tens digit of f?
1
Let j be (-1 - 2)*2/(-6). Suppose -1 = 2*x + j. What is the units digit of (-11)/(-3) - x/3?
4
Suppose -m = 4*k - 15 - 127, 4*k - 134 = -5*m. Suppose h + 0 = -2*c + 4, 5*c = 4*h + k. What is the units digit of c?
4
Suppose 0 = 3*b - 15, b = -2*n - n - 688. What is the units digit of (-3)/12 - n/12?
9
Let p(c) = -8*c - 4. Let n be p(-3). Suppose -2*l = -l - n. Let f = l - 9. What is the units digit of f?
1
Suppose 3*b + 13 + 2 = 0. What is the tens digit of 15/6*(-42)/b?
2
What is the tens digit of 89 - (2 - (2 - -2))?
9
Let j = -4 + 12. Let f be (-3)/3*(-10)/2. Suppose f*s + 3 = j. What is the units digit of s?
1
What is the tens digit of (5/(-15))/((7/114)/(-7))?
3
Suppose -p - 5*i + 51 = 0, i - 127 = -3*p - i. Suppose -6*x + x + 4*k = -p, -11 = x + 4*k. What is the units digit of x?
5
Let z be (-4)/(-6) + 1/3. Suppose -3*l - 2*r + 7*r = -z, -4 = 2*r. What is the units digit of (-20)/l + (-2)/(-6)?
7
Let s(h) = -h**2 - 13*h + 14. Let x be s(-14). Suppose x*f - 179 = -5*k + 4*f, -4*k = -4*f - 140. What is the tens digit of k?
3
Suppose 4*z + 228 = 7*z. What is the units digit of z?
6
Let g(i) = i**2 + 16*i - 9. What is the tens digit of g(-18)?
2
Suppose 30 = 3*t - t. Suppose -j - 2*j = -t. Suppose g + p = 12 - 1, 3*p + 71 = j*g. What is the tens digit of g?
1
Let s be (-1)/(-4) + 35/20. Suppose 0*v - v = -3*o + 16, 0 = -s*o + 5*v + 15. Suppose 4*l + 2 = -o*r - 4, -r - 18 = 5*l. What is the units digit of r?
2
Let v(w) = w**3 - 8*w**2 + 2*w - 11. Suppose 4*i - 5*i = 2*j, 0 = i - 3*j - 10. Let x(h) = 2*h. Let q be x(i). What is the units digit of v(q)?
5
Suppose -5*n = 2*r - 104, 5*r + n - 302 = -n. What is the units digit of r?
2
Suppose n = -2*n - 4*v + 165, -5*n + 4*v + 243 = 0. Let y = n - 29. What is the tens digit of y?
2
Suppose 5*r = -0*r + 35. Let y = r + -2. What is the units digit of y?
5
Let s = -69 + 205. What is the hundreds digit of s?
1
Let q(b) = 11*b - 5. What is the units digit of q(5)?
0
Suppose -5*n + 0*n = -45. What is the units digit of ((-6)/n)/(2/(-39))?
3
Let k(r) = r + 5. Let h be k(-5). Let s(g) = g**3 + 6*g**2 + 3 + 6*g + h*g**2 + 0 - 1. What is the units digit of s(-4)?
0
What is the tens digit of 4/(-6) - 2259/(-27)?
8
What is the hundreds digit of -606*(2/18)/(2/(-6))?
2
What is the units digit of -4*(-2 - 9/3)?
0
What is the tens digit of (-522)/(-12)*4/3?
5
Let g(d) be the second derivative of d**5/20 - d**4/2 + 7*d**3/6 - 2*d**2 - 11*d. Let p(y) = y**2 - 2*y + 2. Let h be p(3). What is the units digit of g(h)?
6
Let n be -1*3/(-3) + 11. Let d(y) = y + 2 - 4*y - 4 - n. What is the tens digit of d(-11)?
1
Let j(v) = 6*v. Let l be j(1). Suppose l*y - y = 15. What is the units digit of y?
3
Suppose -797 = -5*r + 578. What is the units digit of r?
5
Suppose -4*m = -41 - 19. What is the units digit of m?
5
Let a(u) be the second derivative of u**3/3 - 7*u**2/2 - u. Let d be a(5). Suppose d*y + 45 = 5*c, 5*c - 45 = 2*y - 5*y. What is the units digit of c?
9
Suppose 0 = 10*f - 16*f + 546. What is the tens digit of f?
9
Let x(v) = 0 + 9*v - v**2 + 2*v - 6. What is the units digit of x(8)?
8
Let m(t) = 11*t**3 - 2*t + 12. What is the units digit of m(3)?
3
Suppose -2*u = -7*u + 20. Let k(c) = 55*c**2 + c - 1. Let a be k(1). Suppose 0 = -5*f - u*q - 0*q + a, 3*f = -3*q + 36. What is the units digit of f?
7
Let s(y) = y**3 + y**2 - 3*y - 3. Let i be s(-3). What is the units digit of (i/9)/((-4)/30)?
0
Let j(z) = 2*z**2 - 4*z + 5. Let f = 7 + -3. What is the tens digit of j(f)?
2
Suppose -l - 2 = -4*t, 2*l - 4*t = -l + 2. Suppose -l*s - 15 = -3*c, 4*c + s + 8 = 28. What is the units digit of c?
5
Let i(m) = 0*m + 2 - 6*m**2 - 11 + m**3 + 0*m**3 + 3*m. What is the units digit of i(6)?
9
Let n be (-8)/12 + 448/6. Suppose 4*c = n - 2. What is the tens digit of c?
1
Suppose 0 = -4*r + s - 20, 0 = -0*r - 3*r - s - 22. Let f(n) = -n - 4 - 1 + 1. What is the units digit of f(r)?
2
Let x = 199 - 97. What is the hundreds digit of x?
1
Let b(l) = -l**3 + 10*l**2 + 14*l - 7. Let s be b(11). Suppose -r - 5 = -2*r. Suppose r*u - 19 - s = 0. What is the units digit of u?
9
Let p(u) be the second derivative of -u**3/3 - u**2 - u. Let n be p(-2). Suppose -4*r = -n*g - 34, -r - g - 9 = 2*g. What is the units digit of r?
6
Suppose 4*b - 325 = -4*j + 5*b, 3*b - 9 = 0. What is the units digit of j?
2
Let a be (-2 + (-1)/(-3))*-3. Let m = a + 2. Suppose 4*k + 4*w = m - 3, 0 = -w - 5. What is the units digit of k?
6
Let w be (-7)